 and c?
13
Suppose 6*g + g - 1694 = 0. Let r = -236 + g. What is the greatest common divisor of r and 27?
3
Suppose a - 4 = -2*f + 4*f, -4 = -2*f - a. Let c = f + 29. Suppose 0 = -3*d + 53 - c. What is the highest common factor of 72 and d?
8
Let x = -774 - -813. Suppose t = -2*t + 15, 5*z - 1095 = 2*t. What is the greatest common divisor of x and z?
13
Let a(t) = -t**2 - 14*t + 3 - 11 + 9*t. Let d be a(-3). Let h(w) = -19*w + 6. Let n be h(d). Calculate the highest common factor of 11 and n.
11
Let i(r) = 3*r**2 - 130*r - 87. Let h = 92 + -48. Let s be i(h). What is the highest common factor of 39 and s?
1
Suppose 3*c + 2*c - 5*n = 0, 5*n - 25 = 0. Suppose -111 = 5*m + x - 4*x, 39 = -m - c*x. Let k = -18 - m. Calculate the greatest common factor of k and 6.
6
Let q(b) = 6*b**2 - 28*b + 3. Let c be q(5). Let n = 33 + -30. Let z be n*((-392)/(-12) - -2). What is the greatest common divisor of z and c?
13
Let n(a) be the first derivative of 1/3*a**3 + 21/4*a**4 + 14 - 1/2*a**2 + a. Let s be n(1). What is the highest common factor of s and 110?
22
Let x(t) = -t**3 + 7*t + 23. Let o be x(-4). Suppose o = 3*r + 5*q, -5*r + 0*q + 53 = -3*q. What is the greatest common divisor of r and 117?
13
Let m(b) = 69*b + 815. Let n be m(-11). What is the highest common divisor of 88 and n?
8
Suppose 0 = 5*k + 3*c - 1720, 11*c + 344 = k + 6*c. Calculate the highest common factor of 129 and k.
43
Suppose 3*g + 12 = 7*g. Let i be (3 - -36)*1/g. Suppose 126*h - 1747 + 109 = 0. Calculate the greatest common divisor of h and i.
13
Suppose -3*s = -h + 44, 4*h + 2*s - 72 = 2*h. Suppose 27*v - 5*v = -557 + 8081. What is the greatest common factor of v and h?
38
Suppose 3*r + 2*u - 1022 = 0, -230*r + 1043 = -227*r + 5*u. Calculate the highest common divisor of 2464 and r.
112
Suppose -1762 = -5*w + 4*t, 3*t + 3064 = 5*w + 1305. Suppose -7*y = -3*y - 3*c - 444, -2*c + w = 3*y. What is the highest common divisor of 38 and y?
38
Let a(l) = l**2 - 48*l - 76. Let u be a(53). Let d = 128 + -121. Calculate the greatest common factor of d and u.
7
Let g(w) = w**2 + 66*w - 712. Let y be g(14). What is the greatest common factor of 456 and y?
24
Let g = -15 - -15. Let b = 6 - g. Suppose 5*h - 68 = 4*t + 42, 0 = -h - t + 13. Calculate the greatest common factor of h and b.
6
Suppose -1556 = -7*o + 824. Suppose 204*f - 200*f = 544. Calculate the greatest common factor of o and f.
68
Let y(h) = h**2 + 14*h + 2. Suppose -9*f + 458 = 125. Let k = f - 51. Let d be y(k). Calculate the highest common factor of d and 2.
2
Suppose -5*f + 13 = -c, 0 = f + 20*c - 24*c + 5. What is the highest common divisor of 2898 and f?
3
Let c be (42/(-28))/((-1)/(-2)). Let b = 112 - 376. Let z be (c/1)/(36/b). Calculate the greatest common divisor of 242 and z.
22
Let m be 3 + 2 - (-5 - -8). Suppose 62 = p - 5*q, -m*q - 48 = -2*p + 116. What is the greatest common divisor of 6 and p?
3
Suppose 166*q = 336*q - 210*q + 16720. Calculate the greatest common factor of 22 and q.
22
Suppose 2*j + 348 = 6*j. Suppose 2*o + 3*o = 3*i + 75, 0 = 4*o + 3*i - j. Suppose o*v - 352 = -46. Calculate the highest common factor of v and 153.
17
Suppose 9*q - 2*d + 521 = 4*q, 5*q = -d - 512. Let c = 103 + q. Suppose -3*u + 6*t + 39 = t, c = 3*u - t - 51. Calculate the highest common divisor of 30 and u.
6
Let r be -59*((-35)/15 - 12/(-9)). Let u = r - 55. Suppose -2*o = -u*o + 338. Calculate the greatest common divisor of 13 and o.
13
Let d be -1 - -4 - 87/(-1). Suppose c - 364 = 5*c. Let f = -82 - c. Calculate the highest common factor of d and f.
9
Let q be (1 + -2)/(20/(-100)). Let j(x) = -x. Let g(s) = 13*s - 43. Let b(a) = g(a) + 5*j(a). Let f be b(6). Calculate the highest common divisor of q and f.
5
Let z(m) be the third derivative of -7*m**4/8 + m**3 + 7*m**2 + 3*m. Let o be z(-4). Calculate the greatest common factor of o and 18.
18
Let j = 358 + -358. Suppose 5*a - a - 588 = j. What is the greatest common divisor of a and 196?
49
Suppose 0 = -3*a + 4*a - v - 469, 3*a = v + 1399. Calculate the highest common divisor of 10 and a.
5
Let i(y) = y**3 + 19*y**2 - 18*y + 46. Let t be i(-20). Suppose 10*p - 576 = -t*p. Calculate the greatest common factor of 192 and p.
12
Suppose 4*n + 12 - 20 = 0. Let x be ((-6)/n + 1)*-14. Suppose 0 = -5*p + 3*v + 90, 4*v + x = -4*p + 100. Calculate the highest common factor of 9 and p.
9
Let y(c) = -6*c + 6*c + 79 - 5*c + 0*c. Let v be y(3). What is the greatest common factor of v and 448?
64
Suppose 2*b - b = -1. Let u be (-160)/15*147/28. Let a be -5*(u/16 - b/(-2)). What is the highest common divisor of 20 and a?
20
Let b be (5/((-75)/12))/((-32)/960). Calculate the highest common divisor of b and 603.
3
Let o(g) = -g**2 - 44*g + 54. Let c be o(-44). What is the highest common factor of 5238 and c?
54
Let n(b) = 2*b**3 + 3*b**2 - 4*b + 5. Let o be n(4). Let u be 8085/(-168) - (-2)/16. Let p be (26 + u)*6/(-4). Calculate the greatest common factor of p and o.
33
Let f be (-2 - (-9)/2)/(2/44). Suppose 0 = -5*x + 4*k - 96, -4*x - 78 = -2*k - 0*k. Let q be x/6*9/(-6). What is the highest common factor of f and q?
5
Suppose -5*x - 2*s + 56 = 0, -2*x + 4*s + 18 = x. Let t(m) = 2*m - 18. Let v be t(x). Suppose 1234 = 4*c + v. What is the greatest common divisor of 28 and c?
28
Suppose 0 = -4*h + 7 + 85. Let y = 42 + -37. Suppose -10*z + y*b = -8*z - 404, -4 = -2*b. What is the highest common divisor of h and z?
23
Suppose 4*x = 13 + 3. Suppose -x + 12 = 4*z. Suppose -3*y + 3*v + 0*v + 78 = 0, 0 = -4*y - z*v + 128. What is the greatest common factor of 10 and y?
10
Let i be ((-4)/(-6))/(16/168). Let z(n) = 7*n - 4. Let g be z(i). Suppose -g + 169 = 4*a. What is the highest common divisor of 124 and a?
31
Let x be ((-36)/(-10))/((-39)/130)*2. Let m be -6 + -1 + 3 - (-67 - x). Let g be 79 + (1 - 0) + -2. Calculate the greatest common divisor of g and m.
39
Suppose -110*s + 434330 = 147*s. Calculate the highest common factor of 130 and s.
130
Suppose 71*b - 5*b - 274344 = 10*b. What is the highest common factor of 1065 and b?
213
Suppose -c + 814 = 2*c - 5*p, -5*p - 258 = -c. Let r = 302 - c. What is the greatest common divisor of 324 and r?
12
Let b(w) = 660*w - 100. Let h(k) = 120*k - 18. Let f(o) = -5*b(o) + 28*h(o). Let p be f(1). What is the highest common factor of 8 and p?
8
Let v be (45/2)/((-21)/(-28)). Let p(g) = -10*g + 54. Let c be p(6). Let d = c - -26. What is the highest common factor of d and v?
10
Suppose 26*w + 4*w - 1176 = 2*w. What is the greatest common divisor of 3402 and w?
42
Suppose 0*f = 3*f + 2*k - 37, 0 = 2*f - 4*k + 2. Suppose t + 2*r = f, 3*t + 2*r - 3*r = 27. What is the highest common divisor of 243 and t?
9
Let m(n) = -n**2 + 10*n - 3. Let d be m(7). Let t = 218 + -212. What is the highest common factor of d and t?
6
Let h(z) = z**3 - 3*z**2 + 3*z - 7. Let x be h(3). Let y(j) = 4*j**x - 30*j + 30*j - 1. Let g be y(-1). What is the highest common divisor of 24 and g?
3
Suppose 11*y - 6*y - 954 = 3*u, 0 = 5*y + 4*u - 968. Let g be (-12)/(y/(-424))*1*2. What is the greatest common divisor of g and 1007?
53
Let w(b) = -547*b - 10473. Let k be w(-27). Calculate the highest common divisor of 24 and k.
24
Let k = 30 + -40. Let b be (-8)/10*25/k. Suppose -4*v + 626 = 2*y, -b*v = 2*y - 327 - 301. What is the greatest common divisor of y and 35?
35
Suppose -5*g - 5*a = -2*a + 3029, a + 1211 = -2*g. Let q = g + 912. What is the greatest common divisor of q and 44?
44
Let j(w) = 184*w**2 + 101*w - 103. Let m be j(1). What is the greatest common divisor of m and 2522?
26
Let r = -166 + 205. Let h be (314/(-6) + -1)/((-13)/r). What is the greatest common factor of 10 and h?
10
Suppose 8*p - 5631 = 5*p. Suppose -517 = 10*f - p. What is the greatest common divisor of 40 and f?
8
Suppose 5*a + 46 = -2*h + 141, 43 = h + a. Let z be 64 - (-25)/(225/(-72)). Calculate the greatest common factor of h and z.
8
Let g(u) = -4*u**3 - u**2 - u + 3. Let q be g(3). Let a = 247 + q. Suppose 75*b + 1736 = 291*b - 424. Calculate the highest common factor of a and b.
10
Suppose 118*p - 18 = 121*p, 0 = -5*s - 3*p + 1172. What is the highest common factor of 42 and s?
14
Let q(u) = 4*u + u**2 - 21*u + 31 - 2 + 7. Let k be q(23). Calculate the greatest common factor of 116 and k.
58
Suppose 